{"id":121,"date":"2021-11-09T19:05:38","date_gmt":"2021-11-09T19:05:38","guid":{"rendered":"https:\/\/ams.org.co\/donativos\/?page_id=121"},"modified":"2022-03-16T18:28:39","modified_gmt":"2022-03-16T18:28:39","slug":"donaciones-bancos","status":"publish","type":"page","link":"https:\/\/ams.org.co\/donativos\/donaciones-bancos\/","title":{"rendered":"donaciones-bancos"},"content":{"rendered":"\t\t<div data-elementor-type=\"wp-page\" data-elementor-id=\"121\" class=\"elementor elementor-121\">\n\t\t\t\t\t\t<section class=\"elementor-section elementor-top-section elementor-element elementor-element-c641a5d elementor-section-boxed elementor-section-height-default elementor-section-height-default\" data-id=\"c641a5d\" data-element_type=\"section\" data-e-type=\"section\">\n\t\t\t\t\t\t<div class=\"elementor-container elementor-column-gap-default\">\n\t\t\t\t\t<div class=\"elementor-column elementor-col-100 elementor-top-column elementor-element elementor-element-db8c598\" data-id=\"db8c598\" data-element_type=\"column\" data-e-type=\"column\">\n\t\t\t<div class=\"elementor-widget-wrap\">\n\t\t\t\t\t\t\t<\/div>\n\t\t<\/div>\n\t\t\t\t\t<\/div>\n\t\t<\/section>\n\t\t\t\t<section class=\"elementor-section elementor-top-section elementor-element elementor-element-e68a366 elementor-section-boxed elementor-section-height-default elementor-section-height-default\" data-id=\"e68a366\" data-element_type=\"section\" data-e-type=\"section\">\n\t\t\t\t\t\t<div class=\"elementor-container elementor-column-gap-default\">\n\t\t\t\t\t<div class=\"elementor-column elementor-col-16 elementor-top-column elementor-element elementor-element-76b7a62\" data-id=\"76b7a62\" data-element_type=\"column\" data-e-type=\"column\">\n\t\t\t<div class=\"elementor-widget-wrap\">\n\t\t\t\t\t\t\t<\/div>\n\t\t<\/div>\n\t\t\t\t<div class=\"elementor-column elementor-col-66 elementor-top-column elementor-element elementor-element-8f553e3\" data-id=\"8f553e3\" data-element_type=\"column\" data-e-type=\"column\">\n\t\t\t<div class=\"elementor-widget-wrap elementor-element-populated\">\n\t\t\t\t\t\t<div class=\"elementor-element elementor-element-1d0b553 elementor-widget elementor-widget-image\" data-id=\"1d0b553\" data-element_type=\"widget\" data-e-type=\"widget\" data-widget_type=\"image.default\">\n\t\t\t\t<div class=\"elementor-widget-container\">\n\t\t\t\t\t\t\t\t\t\t\t\t\t\t\t<img fetchpriority=\"high\" decoding=\"async\" width=\"747\" height=\"119\" src=\"https:\/\/ams.org.co\/donativos\/wp-content\/uploads\/2022\/03\/LOGO1-747-X-119.jpg\" class=\"attachment-large size-large wp-image-211\" alt=\"\" srcset=\"https:\/\/ams.org.co\/donativos\/wp-content\/uploads\/2022\/03\/LOGO1-747-X-119.jpg 747w, https:\/\/ams.org.co\/donativos\/wp-content\/uploads\/2022\/03\/LOGO1-747-X-119-300x48.jpg 300w\" sizes=\"(max-width: 747px) 100vw, 747px\" \/>\t\t\t\t\t\t\t\t\t\t\t\t\t\t\t<\/div>\n\t\t\t\t<\/div>\n\t\t\t\t\t<\/div>\n\t\t<\/div>\n\t\t\t\t<div class=\"elementor-column elementor-col-16 elementor-top-column elementor-element elementor-element-0aef55e\" data-id=\"0aef55e\" data-element_type=\"column\" data-e-type=\"column\">\n\t\t\t<div class=\"elementor-widget-wrap\">\n\t\t\t\t\t\t\t<\/div>\n\t\t<\/div>\n\t\t\t\t\t<\/div>\n\t\t<\/section>\n\t\t\t\t<section class=\"elementor-section elementor-top-section elementor-element elementor-element-6e91e78 elementor-section-boxed elementor-section-height-default elementor-section-height-default\" data-id=\"6e91e78\" data-element_type=\"section\" data-e-type=\"section\">\n\t\t\t\t\t\t<div class=\"elementor-container elementor-column-gap-default\">\n\t\t\t\t\t<div class=\"elementor-column elementor-col-16 elementor-top-column elementor-element elementor-element-bfcc21d\" data-id=\"bfcc21d\" data-element_type=\"column\" data-e-type=\"column\">\n\t\t\t<div class=\"elementor-widget-wrap\">\n\t\t\t\t\t\t\t<\/div>\n\t\t<\/div>\n\t\t\t\t<div class=\"elementor-column elementor-col-66 elementor-top-column elementor-element elementor-element-998c7c9\" data-id=\"998c7c9\" data-element_type=\"column\" data-e-type=\"column\">\n\t\t\t<div class=\"elementor-widget-wrap elementor-element-populated\">\n\t\t\t\t\t\t<div class=\"elementor-element elementor-element-e833478 elementor-widget elementor-widget-heading\" data-id=\"e833478\" data-element_type=\"widget\" data-e-type=\"widget\" data-widget_type=\"heading.default\">\n\t\t\t\t<div class=\"elementor-widget-container\">\n\t\t\t\t\t<h4 class=\"elementor-heading-title elementor-size-default\"><h4><span style=\"color: #535cac;font-family: arial, helvetica, sans-serif;font-size: 12pt\"><span style=\"color: #337e99\"><strong>\"Den, y se les dar\u00e1; recibir\u00e1n una medida bien llena, apretada y rebosante. Porque con la medida que ustedes midan, ser\u00e1n medidos.\" Lucas 6, 38.<\/strong><\/span><\/span><\/h4><\/h4>\t\t\t\t<\/div>\n\t\t\t\t<\/div>\n\t\t\t\t\t<\/div>\n\t\t<\/div>\n\t\t\t\t<div class=\"elementor-column elementor-col-16 elementor-top-column elementor-element elementor-element-b5a3272\" data-id=\"b5a3272\" data-element_type=\"column\" data-e-type=\"column\">\n\t\t\t<div class=\"elementor-widget-wrap\">\n\t\t\t\t\t\t\t<\/div>\n\t\t<\/div>\n\t\t\t\t\t<\/div>\n\t\t<\/section>\n\t\t\t\t<section class=\"elementor-section elementor-top-section elementor-element elementor-element-e187a72 elementor-section-boxed elementor-section-height-default elementor-section-height-default\" data-id=\"e187a72\" data-element_type=\"section\" data-e-type=\"section\">\n\t\t\t\t\t\t<div class=\"elementor-container elementor-column-gap-default\">\n\t\t\t\t\t<div class=\"elementor-column elementor-col-16 elementor-top-column elementor-element elementor-element-7be8ece\" data-id=\"7be8ece\" data-element_type=\"column\" data-e-type=\"column\">\n\t\t\t<div class=\"elementor-widget-wrap\">\n\t\t\t\t\t\t\t<\/div>\n\t\t<\/div>\n\t\t\t\t<div class=\"elementor-column elementor-col-66 elementor-top-column elementor-element elementor-element-50ce819\" data-id=\"50ce819\" data-element_type=\"column\" data-e-type=\"column\">\n\t\t\t<div class=\"elementor-widget-wrap elementor-element-populated\">\n\t\t\t\t\t\t<div class=\"elementor-element elementor-element-dc38a3e elementor-widget elementor-widget-text-editor\" data-id=\"dc38a3e\" data-element_type=\"widget\" data-e-type=\"widget\" data-widget_type=\"text-editor.default\">\n\t\t\t\t<div class=\"elementor-widget-container\">\n\t\t\t\t\t\t\t\t\t<p><img decoding=\"async\" class=\"wp-image-268  aligncenter\" src=\"https:\/\/ams.org.co\/donativos\/wp-content\/uploads\/2022\/03\/3-bancos-s-c-300x257.jpg\" alt=\"\" width=\"236\" height=\"202\" srcset=\"https:\/\/ams.org.co\/donativos\/wp-content\/uploads\/2022\/03\/3-bancos-s-c-300x257.jpg 300w, https:\/\/ams.org.co\/donativos\/wp-content\/uploads\/2022\/03\/3-bancos-s-c.jpg 700w\" sizes=\"(max-width: 236px) 100vw, 236px\" \/>Puedes hacer donaciones directamente en las siguientes Cuentas Bancarias a nombre de la <b>Asociaci\u00f3n Mar\u00eda Santificadora, <\/b><strong>Nit 800.021.113-6<\/strong><\/p><p><strong>Bancolombia:\u00a0<\/strong>Cuenta Corriente 042-909862-33,\u00a0 convenio 48439<br \/><strong>Davivienda:\u00a0<\/strong>Cuenta Corriente 0011-03049246<br \/><strong>Scotiabank Colpatria: <\/strong>Cuenta de Ahorro 210-659413-1<\/p>\t\t\t\t\t\t\t\t<\/div>\n\t\t\t\t<\/div>\n\t\t\t\t\t<\/div>\n\t\t<\/div>\n\t\t\t\t<div class=\"elementor-column elementor-col-16 elementor-top-column elementor-element elementor-element-7b439aa\" data-id=\"7b439aa\" data-element_type=\"column\" data-e-type=\"column\">\n\t\t\t<div class=\"elementor-widget-wrap\">\n\t\t\t\t\t\t\t<\/div>\n\t\t<\/div>\n\t\t\t\t\t<\/div>\n\t\t<\/section>\n\t\t\t\t<section class=\"elementor-section elementor-top-section elementor-element elementor-element-3cab440 elementor-section-boxed elementor-section-height-default elementor-section-height-default\" data-id=\"3cab440\" data-element_type=\"section\" data-e-type=\"section\">\n\t\t\t\t\t\t<div class=\"elementor-container elementor-column-gap-default\">\n\t\t\t\t\t<div class=\"elementor-column elementor-col-16 elementor-top-column elementor-element elementor-element-cceb685\" data-id=\"cceb685\" data-element_type=\"column\" data-e-type=\"column\">\n\t\t\t<div class=\"elementor-widget-wrap\">\n\t\t\t\t\t\t\t<\/div>\n\t\t<\/div>\n\t\t\t\t<div class=\"elementor-column elementor-col-66 elementor-top-column elementor-element elementor-element-5d57e95\" data-id=\"5d57e95\" data-element_type=\"column\" data-e-type=\"column\">\n\t\t\t<div class=\"elementor-widget-wrap elementor-element-populated\">\n\t\t\t\t\t\t<div class=\"elementor-element elementor-element-7a0a86e elementor-widget elementor-widget-heading\" data-id=\"7a0a86e\" data-element_type=\"widget\" data-e-type=\"widget\" data-widget_type=\"heading.default\">\n\t\t\t\t<div class=\"elementor-widget-container\">\n\t\t\t\t\t<h5 class=\"elementor-heading-title elementor-size-default\">Tu donaci\u00f3n es de gran bendici\u00f3n para que la obra del Se\u00f1or contin\u00fae<\/h5>\t\t\t\t<\/div>\n\t\t\t\t<\/div>\n\t\t\t\t\t<\/div>\n\t\t<\/div>\n\t\t\t\t<div class=\"elementor-column elementor-col-16 elementor-top-column elementor-element elementor-element-ddc8fe9\" data-id=\"ddc8fe9\" data-element_type=\"column\" data-e-type=\"column\">\n\t\t\t<div class=\"elementor-widget-wrap\">\n\t\t\t\t\t\t\t<\/div>\n\t\t<\/div>\n\t\t\t\t\t<\/div>\n\t\t<\/section>\n\t\t\t\t<\/div>\n\t\t","protected":false},"excerpt":{"rendered":"<p>\u00abDen, y se les dar\u00e1; recibir\u00e1n una medida bien llena, apretada y rebosante. Porque con la medida que ustedes midan, ser\u00e1n medidos.\u00bb Lucas 6, 38. Puedes hacer donaciones directamente en las siguientes Cuentas Bancarias a nombre de la Asociaci\u00f3n Mar\u00eda Santificadora, Nit 800.021.113-6 Bancolombia:\u00a0Cuenta Corriente 042-909862-33,\u00a0 convenio 48439Davivienda:\u00a0Cuenta Corriente 0011-03049246Scotiabank Colpatria: Cuenta de Ahorro 210-659413-1 [&hellip;]<\/p>\n","protected":false},"author":2,"featured_media":0,"parent":0,"menu_order":0,"comment_status":"closed","ping_status":"closed","template":"elementor_canvas","meta":{"footnotes":""},"class_list":["post-121","page","type-page","status-publish","hentry"],"_links":{"self":[{"href":"https:\/\/ams.org.co\/donativos\/wp-json\/wp\/v2\/pages\/121","targetHints":{"allow":["GET"]}}],"collection":[{"href":"https:\/\/ams.org.co\/donativos\/wp-json\/wp\/v2\/pages"}],"about":[{"href":"https:\/\/ams.org.co\/donativos\/wp-json\/wp\/v2\/types\/page"}],"author":[{"embeddable":true,"href":"https:\/\/ams.org.co\/donativos\/wp-json\/wp\/v2\/users\/2"}],"replies":[{"embeddable":true,"href":"https:\/\/ams.org.co\/donativos\/wp-json\/wp\/v2\/comments?post=121"}],"version-history":[{"count":21,"href":"https:\/\/ams.org.co\/donativos\/wp-json\/wp\/v2\/pages\/121\/revisions"}],"predecessor-version":[{"id":274,"href":"https:\/\/ams.org.co\/donativos\/wp-json\/wp\/v2\/pages\/121\/revisions\/274"}],"wp:attachment":[{"href":"https:\/\/ams.org.co\/donativos\/wp-json\/wp\/v2\/media?parent=121"}],"curies":[{"name":"wp","href":"https:\/\/api.w.org\/{rel}","templated":true}]}}